e 8) in base 5?
-3411
What is 2 (base 9) in base 10?
2
Convert -a76 (base 13) to base 7.
-5132
Convert -52354 (base 6) to base 8.
-15616
What is 187 (base 11) in base 8?
330
230020 (base 4) to base 13
1393
Convert 22020021 (base 3) to base 2.
1011101110001
What is -1324 (base 7) in base 12?
-364
What is -44a2 (base 14) in base 8?
-27176
What is -4313 (base 7) in base 15?
-6be
Convert 3d8f (base 16) to base 14.
5a59
Convert -136 (base 9) to base 12.
-96
What is -111100101 (base 2) in base 15?
-225
1207 (base 10) to base 5
14312
-dc9b (base 15) to base 8
-133201
Convert -5262 (base 7) to base 15.
-83c
What is 21663 (base 10) in base 5?
1143123
What is -17391 (base 14) in base 2?
-1110001111100011
What is 26b38 (base 12) in base 14?
156b2
200122 (base 3) to base 11
418
Convert a93 (base 13) to base 15.
80a
206561 (base 7) to base 5
2122320
Convert -3316 (base 8) to base 11.
-1344
-aa92 (base 12) to base 7
-105620
Convert 12122 (base 4) to base 5.
3120
15243 (base 6) to base 9
3350
100000100111101 (base 2) to base 11
11603
Convert 4201 (base 5) to base 12.
39b
296 (base 13) to base 8
715
What is 313 (base 9) in base 8?
377
What is 10327 (base 8) in base 11?
326a
-10110100000 (base 2) to base 7
-4125
25131 (base 7) to base 15
1e43
What is -2880 (base 11) in base 10?
-3718
Convert 10002 (base 4) to base 12.
196
Convert 200222 (base 3) to base 5.
4022
What is 3210 (base 4) in base 2?
11100100
Convert -3100313 (base 4) to base 3.
-200100002
What is -1112220 (base 3) in base 10?
-1131
-11244 (base 5) to base 16
-338
What is 8605 (base 11) in base 5?
331004
Convert 220100 (base 3) to base 15.
2dc
Convert 29c (base 13) to base 8.
723
What is 34c0 (base 15) in base 11?
8467
1328 (base 9) to base 15
468
Convert 11333 (base 4) to base 9.
465
Convert 221401 (base 6) to base 8.
44111
-289 (base 10) to base 2
-100100001
Convert -10101100011110 (base 2) to base 8.
-25436
102102 (base 3) to base 6
1232
Convert -23 (base 10) to base 13.
-1a
Convert 440e (base 16) to base 4.
10100032
What is -1111101011000 (base 2) in base 3?
-102000012
Convert -27972 (base 11) to base 2.
-1001101101010111
Convert -440122 (base 6) to base 3.
-1211211212
31132 (base 4) to base 7
2341
200220 (base 3) to base 9
626
What is 1202220 (base 4) in base 10?
6312
What is -1223 (base 6) in base 16?
-12f
What is 2333 (base 15) in base 3?
101020210
What is 7781 (base 11) in base 10?
10253
a95 (base 15) to base 11
1883
What is -12203 (base 4) in base 7?
-1136
-313 (base 10) to base 13
-1b1
Convert -13221322 (base 4) to base 11.
-21614
1b7 (base 12) to base 3
101111
What is 41206 (base 8) in base 9?
25322
2178 (base 9) to base 8
3112
Convert -2015c (base 14) to base 9.
-126687
101222 (base 3) to base 11
24a
What is 1d1b (base 16) in base 14?
2a03
What is 55 (base 6) in base 13?
29
What is -1000001011001 (base 2) in base 14?
-174d
What is 125425 (base 6) in base 15?
368e
-445153 (base 6) to base 9
-56316
1044 (base 5) to base 3
12112
334 (base 14) to base 7
1564
What is -36b (base 12) in base 2?
-1000000011
What is -20305 (base 6) in base 13?
-1301
-20893 (base 11) to base 7
-154330
What is -2421 (base 5) in base 14?
-1bb
What is -2433 (base 7) in base 12?
-636
Convert -2882 (base 13) to base 14.
-21c0
Convert -3220 (base 12) to base 2.
-1010101111000
Convert 17c (base 15) to base 11.
291
What is 32043 (base 5) in base 15?
983
What is -13536 (base 9) in base 2?
-10001111100010
-13544 (base 6) to base 4
-201220
Convert 122a4 (base 12) to base 9.
36667
What is -14722 (base 10) in base 7?
-60631
Convert -487 (base 15) to base 10.
-1027
Convert -739 (base 14) to base 12.
-9a7
Convert -4531 (base 13) to base 6.
-112441
What is -160322 (base 7) in base 10?
-31376
What is 151 (base 15) in base 5?
2201
Convert -87a (base 11) to base 10.
-1055
-c518 (base 16) to base 6
-1025332
1399 (base 13) to base 15
c8a
9 (base 10) to base 16
9
Convert 487 (base 9) to base 15.
1bd
What is -927 (base 14) in base 13?
-a85
-130215 (base 6) to base 7
-46151
What is -242631 (base 7) in base 14?
-12188
What is 4662 (base 7) in base 10?
1710
What is c957 (base 15) in base 3?
2011110001
What is -2221 (base 6) in base 12?
-371
-4dd (base 14) to base 9
-1307
Convert -304 (base 8) to base 12.
-144
What is 11010 (base 3) in base 16?
6f
2630 (base 13) to base 11
4102
What is -3013 (base 7) in base 13?
-61c
What is 6472 (base 9) in base 14?
1a43
Convert 3320 (base 6) to base 16.
300
-100001100010 (base 2) to base 7
-6154
Convert 100 (base 5) to base 10.
25
Convert 12112303 (base 4) to base 13.
bb09
What is -6030 (base 8) in base 6?
-22200
Convert 934 (base 14) to base 2.
11100010010
-101222112 (base 3) to base 15
-258b
Convert -6125 (base 7) to base 16.
-84e
-a124 (base 16) to base 5
-2310002
What is -10224 (base 5) in base 12?
-495
1 (base 14) to base 15
1
1000101001101100 (base 2) to base 3
1210121110
Convert 2042 (base 5) to base 12.
1a8
-241b (base 12) to base 16
-fd7
10102100220 (base 3) to base 11
46654
10241 (base 7) to base 8
4740
-b10 (base 14) to base 15
-99a
7a (base 12) to base 7
163
Convert -123404 (base 5) to base 2.
-1001011110110
What is 46 (base 12) in base 14?
3c
What is -121111211 (base 3) in base 12?
-6b71
-2003 (base 5) to base 4
-3331
What is -1ab74 (base 12) in base 8?
-115410
-a9e (base 15) to base 3
-10021212
What is -1346 (base 9) in base 16?
-3f6
Convert -34531 (base 6) to base 3.
-20210101
Convert 13224 (base 6) to base 11.
1588
-87cb (base 13) to base 14
-6c7c
What is -318 (base 16) in base 7?
-2211
Convert -13555 (base 8) to base 12.
-3579
33592 (base 11) to base 6
1013034
What is 533 (base 6) in base 14?
105
What is 340 (base 10) in base 4?
11110
-255 (base 11) to base 7
-611
-112212101 (base 3) to base 13
-4c18
Convert 22d (base 15) to base 8.
755
What is 6b44 (base 14) in base 6?
222252
What is 8582 (base 10) in base 15?
2822
What is 1e4 (base 15) in base 5?
3224
What is 1030 (base 5) in base 8?
214
14021 (base 5) to base 6
5132
Convert -115142 (base 8) to base 3.
-2000012210
Convert -457 (base 9) to base 16.
-178
Convert 40652 (base 7) to base 9.
14558
Convert 110101011011 (base 2) to base 8.
6533
What is -6017 (base 11) in base 9?
-11873
Convert 1a4e (base 16) to base 9.
10212
What is -20001010 (base 3) in base 2?
-1000100110100
142642 (base 7) to base 14
9dc9
-1e6 (base 15) to base 12
-309
What is -215 (base 14) in base 8?
-633
-43244 (base 7) to base 16
-2a0b
What is -32103 (base 4) in base 12?
-643
Convert 221001220 (base 3) to base 11.
12805
139 (base 14) to base 7
502
What is 35201 (base 7) in base 3?
110100222
What is 686 (base 14) in base 3?
1202221
Convert -63782 (base 9) to base 6.
-523202
Convert 346 (base 7) to base 15.
c1
Convert 4144 (base 5) to base 2.
1000100101
-5439 (base 13) to base 16
-2dbd
What is 1796 (base 10) in base 9?
2415
Convert -b7 (base 14) to base 16.
-a1
What is -6a1 (base 11) in base 15?
-3ac
What is -100111100001 (base 2) in base 15?
-b39
Convert -11001111100 (base 2) to base 16.
-67c
What is 1b5 (base 13) in base 11?
269
What is 387 (base 9) in base 13?
1ba
Convert 20112111 (base 3) to base 10.
4765
Convert -522 (base 9) to base 2.
-110101001
What is -124 (base 13) in base 3?
-21101
What is 25d8 (base 16) in base 8?
22730
Convert f7 (base 16) to base 15.
117
Convert -321022 (base 4) to base 11.
-2826
Convert -624 (base 12) to base 10.
-892
Convert 1b6 (base 13) to base 15.
163
What is -1146 (base 12) in base 11?
-14a1
What is -20120100 (base 3) in base 11?
-3663
121212 (base 3) to base 16
1c7
25664 (base 8) to base 9
16311
What is 1102 (base 11) in base 2?
10110101110
-1aa (base 13) to base 15
-159
-3b (base 16) to base 14
-43
What is 3b5 (base 13) in base 5?
10110
-222112 (base 3) to base 6
-3152
What is -112110 (base 3) in base 10?
-390
What is -181 (base 9) in base 7?
-310
-5525 (base 8) to base 6
-21233
What is 3275 (base 11) in base 9?
5826
-283c (base 15) to base 11
-6515
What is -4437 (base 10) in base 6?
-32313
What is 10624 (base 7) in base 3?
10201111
Convert -532 (base 6) to base 12.
-148
What is -31125 (base 6) in base 16?
-103d
2174 (base 15) to base 5
211314
Convert 186 (base 9) to base 2.
10011111
Convert -112022 (base 3) to base 10.
-386
What is -20200 (base 4) in base 7?
-1405
5016 (base 14) to base 15
4110
Convert 20022 (base 3) to base 11.
